{"id":72,"date":"2022-01-28T15:51:30","date_gmt":"2022-01-28T12:51:30","guid":{"rendered":"http:\/\/kariyermutfakblog.com\/?page_id=72"},"modified":"2024-10-17T12:54:33","modified_gmt":"2024-10-17T09:54:33","slug":"youtubeurun-inceleme-videolari","status":"publish","type":"page","link":"https:\/\/kariyermutfakblog.com\/?page_id=72","title":{"rendered":"\u00dcr\u00fcn Videolar\u0131"},"content":{"rendered":"\n<figure class=\"wp-block-video\"><video controls src=\"https:\/\/kariyermutfakblog.com\/wp-content\/uploads\/2024\/10\/rational.mp4\"><\/video><figcaption class=\"wp-element-caption\"><strong>MUTFAKLARINIZDA NEDEN RATIONAL FIRIN TERC\u0130H ETMEL\u0130S\u0130N\u0130Z? <\/strong><\/figcaption><\/figure>\n\n\n\n<p>1.\u2060 \u2060<em><strong>Verimlilik<\/strong><\/em>: Rational f\u0131r\u0131nlar, yemeklerinizi daha h\u0131zl\u0131 ve e\u015fit \u015fekilde pi\u015firmenizi sa\u011flar. Bu, zaman ve enerji tasarrufu anlam\u0131na gelir.<\/p>\n\n\n\n<p>2.\u2060 \u2060<em><strong>Kullan\u0131m Kolayl\u0131\u011f\u0131<\/strong><\/em>: Kullan\u0131c\u0131 dostu kontrol panelleri sayesinde, \u00e7e\u015fitli pi\u015firme modlar\u0131na kolayca ge\u00e7i\u015f yapabilirsiniz. \u00d6nceden ayarlanm\u0131\u015f tariflerle pi\u015firme s\u00fcrecini basitle\u015ftirir.<\/p>\n\n\n\n<p>3.\u2060 \u2060<em><strong>Hassas Kontrol<\/strong><\/em>: Is\u0131 ve nem kontrol\u00fc ile yemeklerinizin lezzetini ve dokusunu m\u00fckemmel bir \u015fekilde korur. Bu, \u00f6zellikle profesyonel mutfaklar i\u00e7in \u00f6nemlidir.<\/p>\n\n\n\n<p>4.\u2060 \u2060<em><strong>Temizlik Kolayl\u0131\u011f\u0131<\/strong><\/em>: Otomatik temizlik sistemleri, f\u0131r\u0131nlar\u0131n bak\u0131m\u0131n\u0131 kolayla\u015ft\u0131r\u0131r ve hijyen standartlar\u0131n\u0131 y\u00fckseltir.<\/p>\n\n\n\n<p>5.\u2060 \u2060<em><strong>\u00c7e\u015fitlilik<\/strong><\/em>: Farkl\u0131 yemek t\u00fcrlerini, pi\u015firme tekniklerini ve tarifleri denemenize olanak tan\u0131r. Bu, men\u00fcn\u00fcz\u00fc zenginle\u015ftirir.<\/p>\n\n\n\n<p>6.\u2060 \u2060<em><strong>Enerji Tasarrufu<\/strong><\/em>: Daha az enerji t\u00fcketimi ile daha az maliyet sa\u011flar, bu da i\u015fletme giderlerinizi d\u00fc\u015f\u00fcr\u00fcr.<\/p>\n\n\n\n<p>Rational f\u0131r\u0131nlar, hem profesyonel mutfaklar hem de ev kullan\u0131c\u0131lar\u0131 i\u00e7in m\u00fckemmel bir se\u00e7imdir. Y\u00fcksek kaliteli pi\u015firme sonu\u00e7lar\u0131 ar\u0131yorsan\u0131z, kesinlikle de\u011ferlendirilmelidir. Rational f\u0131r\u0131nlar\u0131n\u0131 <a href=\"https:\/\/www.kariyermutfak.com\">kariyermutfak.com <\/a>\u00fczerinden sat\u0131n alabilirsiniz.<\/p>\n\n\n\n<div class=\"wp-block-group\"><div class=\"wp-block-group__inner-container is-layout-flow wp-block-group-is-layout-flow\">\n<div class=\"wp-block-columns is-layout-flex wp-container-core-columns-is-layout-1 wp-block-columns-is-layout-flex\">\n<div class=\"wp-block-column is-layout-flow wp-block-column-is-layout-flow\">\n<figure class=\"wp-block-embed is-type-video is-provider-youtube wp-block-embed-youtube wp-embed-aspect-16-9 wp-has-aspect-ratio\"><div class=\"wp-block-embed__wrapper\">\n<iframe loading=\"lazy\" title=\"LA CIMBALI S60 Nas\u0131l Kullan\u0131l\u0131r? | Espresso Yap\u0131m\u0131\" width=\"696\" height=\"392\" src=\"https:\/\/www.youtube.com\/embed\/CqCNLQsrgRY?feature=oembed\" frameborder=\"0\" allow=\"accelerometer; autoplay; clipboard-write; encrypted-media; gyroscope; picture-in-picture; web-share\" referrerpolicy=\"strict-origin-when-cross-origin\" allowfullscreen><\/iframe>\n<\/div><figcaption class=\"wp-element-caption\"><strong>La Cimbali S60 S10TS modelinin performans\u0131n\u0131, nas\u0131l kullan\u0131laca\u011f\u0131n\u0131 ve nas\u0131l espresso yap\u0131laca\u011f\u0131n\u0131 inceledik.\u00dcr\u00fcn\u00fc sat\u0131n almak i\u00e7in&nbsp;<a href=\"https:\/\/www.kariyermutfak.com\/s60-s10ts-super-otomatik-espresso-kahve-makinesi\">t\u0131klay\u0131n<\/a><\/strong><br><br><\/figcaption><\/figure>\n<\/div>\n\n\n\n<div class=\"wp-block-column is-layout-flow wp-block-column-is-layout-flow\">\n<figure class=\"wp-block-embed is-type-video is-provider-youtube wp-block-embed-youtube wp-embed-aspect-16-9 wp-has-aspect-ratio\"><div class=\"wp-block-embed__wrapper\">\n<iframe loading=\"lazy\" title=\"LA CIMBALI S15 | Tek Tu\u015fla Kahve Yap\u0131n! | Espresso Yap\u0131m\u0131 #2\" width=\"696\" height=\"392\" src=\"https:\/\/www.youtube.com\/embed\/47aQtM8LqOs?feature=oembed\" frameborder=\"0\" allow=\"accelerometer; autoplay; clipboard-write; encrypted-media; gyroscope; picture-in-picture; web-share\" referrerpolicy=\"strict-origin-when-cross-origin\" allowfullscreen><\/iframe>\n<\/div><figcaption class=\"wp-element-caption\"><strong>La Cimbali S15&#8217;in mobil uygulamas\u0131n\u0131 inceledik ve nas\u0131l tek tu\u015fla kahve yap\u0131labildi\u011fini g\u00f6sterdik.\u00dcr\u00fcn\u00fc sat\u0131n almak i\u00e7in&nbsp;<a href=\"https:\/\/www.kariyermutfak.cohttps:\/\/www.kariyermutfak.com\/la-cimbali-s15--cs21-super-otomatik-espresso-kahve-makinesim\/s60-s10ts-super-otomatik-espresso-kahve-makinesi\">t\u0131klay\u0131n<\/a><\/strong><\/figcaption><\/figure>\n<\/div>\n<\/div>\n<\/div><\/div>\n\n\n\n<div class=\"wp-block-columns is-layout-flex wp-container-core-columns-is-layout-2 wp-block-columns-is-layout-flex\">\n<div class=\"wp-block-column is-layout-flow wp-block-column-is-layout-flow\">\n<figure class=\"wp-block-embed is-type-video is-provider-youtube wp-block-embed-youtube wp-embed-aspect-16-9 wp-has-aspect-ratio\"><div class=\"wp-block-embed__wrapper\">\n<iframe loading=\"lazy\" title=\"LA CIMBALI M100 ATTIVA | Nedir ve Nas\u0131l Kullan\u0131l\u0131r? \/\/What is it and How to Use it?\" width=\"696\" height=\"392\" src=\"https:\/\/www.youtube.com\/embed\/KjXgToC0PLg?feature=oembed\" frameborder=\"0\" allow=\"accelerometer; autoplay; clipboard-write; encrypted-media; gyroscope; picture-in-picture; web-share\" referrerpolicy=\"strict-origin-when-cross-origin\" allowfullscreen><\/iframe>\n<\/div><figcaption class=\"wp-element-caption\"><strong>LaCimbali M100&#8217;\u00fcn performans\u0131,nas\u0131l kullan\u0131laca\u011f\u0131 ve t\u00fcm \u00f6zellikleri sizlerle.\u00dcr\u00fcn\u00fc sat\u0131n almak i\u00e7in&nbsp;<a href=\"https:\/\/www.kariyermutfak.com\/cimbali-m-100-attiva-hda-dt2-otomatik-2-gruplu-espresso-makinesi\">t\u0131klay\u0131n<\/a><\/strong><\/figcaption><\/figure>\n<\/div>\n\n\n\n<div class=\"wp-block-column is-layout-flow wp-block-column-is-layout-flow\">\n<figure class=\"wp-block-embed is-type-video is-provider-youtube wp-block-embed-youtube wp-embed-aspect-16-9 wp-has-aspect-ratio\"><div class=\"wp-block-embed__wrapper\">\n<iframe loading=\"lazy\" title=\"SANTOS Kahve De\u011firmeni | Nedir ve Nas\u0131l Kullan\u0131l\u0131r?\" width=\"696\" height=\"392\" src=\"https:\/\/www.youtube.com\/embed\/JTYqau3SqLU?feature=oembed\" frameborder=\"0\" allow=\"accelerometer; autoplay; clipboard-write; encrypted-media; gyroscope; picture-in-picture; web-share\" referrerpolicy=\"strict-origin-when-cross-origin\" allowfullscreen><\/iframe>\n<\/div><figcaption class=\"wp-element-caption\"><strong>Santos 01BAR Kahve De\u011firmeni&#8217;nin performans\u0131n\u0131, nas\u0131l kullan\u0131laca\u011f\u0131n\u0131 ve \u00f6zelliklerini inceledik.\u00dcr\u00fcn\u00fc sat\u0131n almak i\u00e7in&nbsp;<a href=\"https:\/\/www.kariyermutfak.com\/santos-01bar-filtre-kahve-degirmeni---manuel\">t\u0131klay\u0131n<\/a><\/strong><br><br><\/figcaption><\/figure>\n<\/div>\n<\/div>\n\n\n\n<div class=\"wp-block-columns is-layout-flex wp-container-core-columns-is-layout-3 wp-block-columns-is-layout-flex\">\n<div class=\"wp-block-column is-layout-flow wp-block-column-is-layout-flow\">\n<figure class=\"wp-block-embed is-type-video is-provider-youtube wp-block-embed-youtube wp-embed-aspect-16-9 wp-has-aspect-ratio\"><div class=\"wp-block-embed__wrapper\">\n<iframe loading=\"lazy\" title=\"CAFFLANO GO-BREW Manuel Filtre Kahve Demeleme Ekipman\u0131\" width=\"696\" height=\"392\" src=\"https:\/\/www.youtube.com\/embed\/yIuGE-1WH8E?feature=oembed\" frameborder=\"0\" allow=\"accelerometer; autoplay; clipboard-write; encrypted-media; gyroscope; picture-in-picture; web-share\" referrerpolicy=\"strict-origin-when-cross-origin\" allowfullscreen><\/iframe>\n<\/div><figcaption class=\"wp-element-caption\"><strong>Cafflano Go-Brew&#8217;in performans\u0131n\u0131 ve nas\u0131l kullan\u0131laca\u011f\u0131na g\u00f6z at\u0131n.\u00dcr\u00fcn\u00fc sat\u0131n almak i\u00e7in&nbsp;<a href=\"https:\/\/www.kariyermutfak.com\/cafflano-go-brew-mint-yesil---b100-mt\">t\u0131klay\u0131n<\/a><\/strong><\/figcaption><\/figure>\n<\/div>\n\n\n\n<div class=\"wp-block-column is-layout-flow wp-block-column-is-layout-flow\">\n<figure class=\"wp-block-embed is-type-video is-provider-youtube wp-block-embed-youtube wp-embed-aspect-16-9 wp-has-aspect-ratio\"><div class=\"wp-block-embed__wrapper\">\n<iframe loading=\"lazy\" title=\"CAFFLANO KRINDER Manuel Kahve De\u011firmeni | Nas\u0131l Kullan\u0131l\u0131r?\" width=\"696\" height=\"392\" src=\"https:\/\/www.youtube.com\/embed\/QZEXUDdhyvM?feature=oembed\" frameborder=\"0\" allow=\"accelerometer; autoplay; clipboard-write; encrypted-media; gyroscope; picture-in-picture; web-share\" referrerpolicy=\"strict-origin-when-cross-origin\" allowfullscreen><\/iframe>\n<\/div><figcaption class=\"wp-element-caption\"><strong>ESCOBARISTA CAFFLANO KRINDER&#8217;in performans\u0131n\u0131 ve nas\u0131l kullan\u0131laca\u011f\u0131n\u0131 inceledik.\u00dcr\u00fcn\u00fc sat\u0131n almak i\u00e7in&nbsp;<a href=\"https:\/\/www.kariyermutfak.com\/cafflano-krinder-manuel-kahve-degirmeni\">t\u0131klay\u0131n<\/a><\/strong><\/figcaption><\/figure>\n<\/div>\n<\/div>\n\n\n\n<p><\/p>\n\n\n\n<p><\/p>\n","protected":false},"excerpt":{"rendered":"<p>1.\u2060 \u2060Verimlilik: Rational f\u0131r\u0131nlar, yemeklerinizi daha h\u0131zl\u0131 ve e\u015fit \u015fekilde pi\u015firmenizi sa\u011flar. Bu, zaman ve enerji tasarrufu anlam\u0131na gelir. 2.\u2060 \u2060Kullan\u0131m Kolayl\u0131\u011f\u0131: Kullan\u0131c\u0131 dostu kontrol panelleri sayesinde, \u00e7e\u015fitli pi\u015firme modlar\u0131na kolayca ge\u00e7i\u015f yapabilirsiniz. \u00d6nceden ayarlanm\u0131\u015f tariflerle pi\u015firme s\u00fcrecini basitle\u015ftirir. 3.\u2060 \u2060Hassas Kontrol: Is\u0131 ve nem kontrol\u00fc ile yemeklerinizin lezzetini ve dokusunu m\u00fckemmel bir \u015fekilde korur.<\/p>\n<p><a href=\"https:\/\/kariyermutfakblog.com\/?page_id=72\" class=\"more-link\">Daha fazlas\u0131n\u0131 oku<\/a><\/p>\n","protected":false},"author":1,"featured_media":0,"parent":0,"menu_order":0,"comment_status":"closed","ping_status":"closed","template":"","meta":{"footnotes":""},"class_list":["post-72","page","type-page","status-publish","hentry"],"_links":{"self":[{"href":"https:\/\/kariyermutfakblog.com\/index.php?rest_route=\/wp\/v2\/pages\/72"}],"collection":[{"href":"https:\/\/kariyermutfakblog.com\/index.php?rest_route=\/wp\/v2\/pages"}],"about":[{"href":"https:\/\/kariyermutfakblog.com\/index.php?rest_route=\/wp\/v2\/types\/page"}],"author":[{"embeddable":true,"href":"https:\/\/kariyermutfakblog.com\/index.php?rest_route=\/wp\/v2\/users\/1"}],"replies":[{"embeddable":true,"href":"https:\/\/kariyermutfakblog.com\/index.php?rest_route=%2Fwp%2Fv2%2Fcomments&post=72"}],"version-history":[{"count":13,"href":"https:\/\/kariyermutfakblog.com\/index.php?rest_route=\/wp\/v2\/pages\/72\/revisions"}],"predecessor-version":[{"id":470,"href":"https:\/\/kariyermutfakblog.com\/index.php?rest_route=\/wp\/v2\/pages\/72\/revisions\/470"}],"wp:attachment":[{"href":"https:\/\/kariyermutfakblog.com\/index.php?rest_route=%2Fwp%2Fv2%2Fmedia&parent=72"}],"curies":[{"name":"wp","href":"https:\/\/api.w.org\/{rel}","templated":true}]}}